pose -s = -r - c*r. What is the remainder when 134 is divided by r?
32
Suppose -f - 2*b + 982 = 0, -10*f + 12*f = -5*b + 1969. Let g = f + -735. What is the remainder when g is divided by 10?
7
Let i = 49 + -46. Suppose -i*o + 19 = p - 1, 0 = -2*o + 4*p - 10. Let x(v) = 4*v**2 - 17*v + 4. What is the remainder when 56 is divided by x(o)?
18
Let z be 4/(16/(-14))*80/(-140). Calculate the remainder when 110 is divided by (43 - 1) + z + 5/(-1).
32
Let o = 39 + 4. Suppose 8816*q = 8725*q + 7462. What is the remainder when q is divided by o?
39
Suppose -b = 4*h - 7*h - 161, 588 = 4*b + 2*h. Suppose 5*f = 71 + b. Let k(t) = t**3 + 4*t**2 - 3*t + 2. Calculate the remainder when f is divided by k(-2).
12
Suppose 3*b + 17 = 5*m, -2*b + 4 = 2*b. Suppose 4*h = 14 - 2, i - m*h = 27. Suppose 41*t = 40*t + i. Calculate the remainder when t is divided by 14.
11
Let h be (-1240)/(-20)*2/(-4)*-1. Suppose h = 2*y + 7. What is the remainder when 48 is divided by (-51)/(-6) + y/8?
8
Suppose 13*m = -149876 + 151267. What is the remainder when 7701 is divided by m?
104
Calculate the remainder when (0 - (-12)/(-18))/(34/(-52989)) + -4 is divided by 260.
255
Suppose 0 = 4*i - 4*m - 1240, 1168 = -2*i + 6*i + 4*m. Calculate the remainder when i is divided by 1/4 - 243/(-4).
57
Suppose 0 = -6*h + 487 - 175. Suppose -5*r + 25 = -0. Suppose 105 = 5*a - r*s, -3*a + 4*s + 49 = 8*s. What is the remainder when h is divided by a?
14
Let l be 1/(-3)*135/(-10)*4. Suppose l*h - 20*h = -36. What is the remainder when 67 is divided by h?
13
Let f(s) = s**2 + 5*s + 7. Suppose -4*n + 2*p = 34, n + 0*p + p + 1 = 0. Let d be f(n). What is the remainder when 31 is divided by (d/(-5) - -1)*-5?
7
Let u be 1/(138/(-24) + 6). Suppose -4*v = -5*l - 109, u*l = 5*v - 2*v - 81. Calculate the remainder when 54 is divided by v.
23
Let y = 1430 - 852. Suppose 3*v - 4*v + y = 0. What is the remainder when v is divided by 29?
27
Suppose -2*q - 5*r = -171, 5*r + 430 - 90 = 5*q. Let n be (2/1 - 3)*(-63 - -44). Let t = 0 + n. Calculate the remainder when q is divided by t.
16
Let j = 30 + 43. Calculate the remainder when j is divided by -26 - 106/(2 + -4).
19
Let r(q) = 1190*q. Let i be r(1). Suppose -i = -5*f - 4*g, -5*f - 5*g + 2*g + 1185 = 0. Suppose 11*s = 17*s - f. What is the remainder when s is divided by 10?
9
Let f be 27 + (-4 + 7 - 0 - 2). Suppose -f*s - 39 = -319. Calculate the remainder when 138 is divided by s.
8
Let k(t) = 23*t - 11. Let i be k(2). Suppose -3*z - 21 = 39. Calculate the remainder when 19 is divided by z/i - 39/(-7).
4
Suppose 11*l - 5 = 6*l. Let p(f) = 14*f - 163. What is the remainder when p(12) is divided by l?
0
Calculate the remainder when ((-1827)/(-174))/(30/6344) - (-2)/(-5) is divided by 117.
114
Let o = -64370 - -93831. Calculate the remainder when o is divided by 116.
113
Let o = 2256 + -2160. What is the remainder when 473 is divided by o?
89
Let w(n) = -n - 5. Let b be w(-8). Let r = 287 + -284. Suppose 0 = -5*v - r*h + 2*h + 171, -v = -b*h - 47. What is the remainder when v is divided by 9?
8
Suppose 0 = -4*f - 2*n - 12, -15*f + 12*f + 4*n - 20 = 0. Let d = f + 50. What is the remainder when d is divided by 17?
12
Let h(m) = -253*m - 12878. Let o(c) = -c**3 + 5*c**2 - 2*c. Calculate the remainder when h(-51) is divided by o(4).
1
Let h = -381 + 178. Let c = -99 - h. Calculate the remainder when c is divided by 35.
34
Suppose -4*k - m - m + 276 = 0, 0 = 5*k - m - 345. Suppose 2*b = k + 65. Let v(z) = z**2 - 9*z. Calculate the remainder when b is divided by v(10).
7
Let j be 25/(6 - (-123)/(-21)) + 4. Suppose 3*d - 3*s = 219, -4*s = 3*d + s - j. Calculate the remainder when d is divided by 0 + 1 - 44/(-2).
22
Let h = 2447 + -1827. What is the remainder when h is divided by 89?
86
Suppose 61 = 6*l - 11. Suppose 0 = -0*h - l*h + 1992. Let f(d) = 2*d**2 - 6*d + 1. What is the remainder when h is divided by f(5)?
19
Let q(w) = 75*w - 741. What is the remainder when q(14) is divided by 105?
99
Let n = 16764 - 14074. Calculate the remainder when n is divided by 159.
146
Let a(o) = -o + 11. Calculate the remainder when 1*(-3414)/(-12) - (-72)/(-48) is divided by a(0).
8
Let q = 6726 + -6153. What is the remainder when 577 is divided by q?
4
Suppose -2*o + 2 = -4. Suppose -4*r - h = 0, 5*h = r - o*r - 18. What is the remainder when 25 is divided by r/(0 + (-2)/(-18))?
7
Suppose 3*o + 6 = -0*o. Let j = -32326 + 32408. What is the remainder when j is divided by -1*17/2*o?
14
Suppose -4*x = -3*y - 1580, 63 = x - 2*y - 327. Suppose -8*q + x = 14. Calculate the remainder when 172 is divided by q.
28
Let f(n) = -n**3 - 7*n**2 + 9*n. Let g be f(3). Let o = -36 - g. What is the remainder when o is divided by 6?
3
Suppose -4*z - 7 = 3*k, 5 = -4*k - 5*z - 5. What is the remainder when 196 is divided by 16*(k - -8 - 2/4)?
36
Let n(x) = -84*x + 5430. Calculate the remainder when n(60) is divided by 106.
72
Let v(i) = 4*i - 145. Let w be v(36). What is the remainder when w*(8/1 + -187) is divided by 18?
17
Suppose 82*x = 117*x + 4515. Let b = x - -390. Calculate the remainder when b is divided by 19.
14
Suppose 2*v = -17*v + 1115 - 279. Let n(x) = x. Let s be n(0). Suppose -2*p + 4*f + 25 + 15 = s, -56 = -5*p - f. Calculate the remainder when v is divided by p.
8
Let i = -67 + 74. Calculate the remainder when 2924/(-129)*(0 - 6/4) is divided by i.
6
Let f(x) = 3*x**2 - x - 2. Let l be f(-1). Suppose -5*d = -6*d + l. Suppose d*z = -z + 57. What is the remainder when 73 is divided by z?
16
Let w be (-2)/(-12) + 38/(-12) - -12. Suppose 7*s - 19 = w. Suppose 0 = -5*y + 3*g + 67, y + 2*g = -3*y + 58. What is the remainder when y is divided by s?
2
Let v = 365237 - 365042. Calculate the remainder when v is divided by ((-14)/5)/((-2)/10).
13
Suppose 5*m - 528 = u, -13*u + 8*u = 5*m - 540. What is the remainder when m is divided by (-326)/(-12) + (-2)/12?
25
Let d(l) = -l**2 + 8. Let k be d(8). Let a = -3549 + 3570. What is the remainder when -2 - (-2 + (k - 1)) is divided by a?
15
Let i be (-1 - 0)*15/3. Calculate the remainder when 33 is divided by ((-22)/6)/(i/30).
11
Let m(h) = h**2 - 9*h + 60. Let d be m(35). Suppose 19*q - d = 721. What is the remainder when q is divided by 23?
20
Let f = 35778 + -35643. What is the remainder when 1074 is divided by f?
129
Let q = -269 - -635. Suppose -h + 10 + 951 = 5*p, -5*h = 2*p - q. Calculate the remainder when p is divided by 40.
33
Let r be (0 + 4)/((-6)/15). Calculate the remainder when 25 is divided by (1 + 22/r)/(10/(-75)).
7
Suppose -3*d = 5*g + 45, 4*d - 15 = 4*g + 21. What is the remainder when ((-102)/g)/(-5 + (-122)/(-24)) is divided by 23?
21
Suppose -2*j = -5*j + 147. Let m(b) = b**3 + 8*b**2 - 324*b - 3192. What is the remainder when j is divided by m(-11)?
4
Let x(j) = 991*j - 1934. What is the remainder when 105 is divided by x(2)?
9
Let w(a) = 29 + 16*a + 15*a - 35*a. Suppose 0 = 4*z + 29 - 1. Calculate the remainder when w(z) is divided by 12.
9
Let i = 11 - 4. Let b(g) = 68*g + 898. What is the remainder when b(-13) is divided by i + -9 + (7 - 1)?
2
Let v(h) = 3*h**2 + 3*h - 49. Let u be (-58)/(-87) + 19/3. Calculate the remainder when v(u) is divided by 20.
19
Let n = 5463 + -5419. Calculate the remainder when 367 is divided by n.
15
Let v = 23825 - 23776. Suppose 0 = 5*q - 43 - 22. Calculate the remainder when v is divided by q.
10
Suppose 597*j = 226*j + 13356. Calculate the remainder when 461 is divided by j.
29
Suppose -4*u = 3*h - 32, -2*h - u = -4 - 14. Let g = 148 + -83. Suppose 23 = h*b - g. Calculate the remainder when 20 is divided by b.
9
Suppose 2*o = 12 - 2. Let i be (-6427)/6 + o/30. What is the remainder when 9/6 + i/(-18) is divided by 13?
9
Suppose -3*z - 630 = 246. Let s = z + 411. Let o(x) = 17*x - 674. Calculate the remainder when s is divided by o(42).
39
Let o = -2041 + 2099. What is the remainder when 865 is divided by o?
53
Suppose 48*n - 7267 = 3869. What is the remainder when n is divided by 103?
26
Let o be ((-3)/(42/(-4)))/(15/105). Suppose -2*f - o*u = -120, -2*u + 5 = -3*u. What is the remainder when f is divided by 23?
19
Let u = 16 - 18. Let g be (-5*(-12)/(-150))/(u/(-20)). Let a = 116 + g. What is the remainder when a is divided by 29?
25
Let w = 58 + 1. Let o(m) = 3*m**2 + 2*m + 2. Let c 